50?
81
What is the remainder when 29976 is divided by 4984?
72
What is the remainder when 54648 is divided by 10?
8
Calculate the remainder when 167024 is divided by 55654.
62
Calculate the remainder when 229198 is divided by 82.
8
Calculate the remainder when 162599 is divided by 24.
23
Calculate the remainder when 2798 is divided by 9.
8
Calculate the remainder when 681 is divided by 200.
81
Calculate the remainder when 8592 is divided by 736.
496
Calculate the remainder when 70813 is divided by 23.
19
Calculate the remainder when 303788 is divided by 332.
8
Calculate the remainder when 5219 is divided by 475.
469
Calculate the remainder when 3097 is divided by 1984.
1113
What is the remainder when 4090 is divided by 3588?
502
What is the remainder when 2298 is divided by 454?
28
What is the remainder when 5047 is divided by 2488?
71
What is the remainder when 154970 is divided by 378?
368
Calculate the remainder when 6066 is divided by 2990.
86
What is the remainder when 24667 is divided by 16?
11
Calculate the remainder when 2997 is divided by 845.
462
What is the remainder when 10335 is divided by 83?
43
Calculate the remainder when 31411 is divided by 214.
167
Calculate the remainder when 8768 is divided by 987.
872
What is the remainder when 2116 is divided by 207?
46
What is the remainder when 36719 is divided by 108?
107
What is the remainder when 13813 is divided by 2771?
2729
What is the remainder when 71944 is divided by 14?
12
Calculate the remainder when 742144 is divided by 209.
194
What is the remainder when 1304 is divided by 41?
33
What is the remainder when 28036 is divided by 39?
34
Calculate the remainder when 13637 is divided by 47.
7
Calculate the remainder when 231017 is divided by 3000.
17
Calculate the remainder when 3016 is divided by 674.
320
Calculate the remainder when 281342 is divided by 140669.
4
Calculate the remainder when 2475 is divided by 248.
243
What is the remainder when 22149 is divided by 299?
23
What is the remainder when 429923 is divided by 218?
27
Calculate the remainder when 115497 is divided by 23.
14
Calculate the remainder when 4864859 is divided by 429.
428
What is the remainder when 1362 is divided by 7?
4
What is the remainder when 6788 is divided by 1672?
100
What is the remainder when 10203 is divided by 5090?
23
What is the remainder when 17884 is divided by 2980?
4
Calculate the remainder when 5770 is divided by 18.
10
What is the remainder when 1368342 is divided by 136833?
12
What is the remainder when 1103087 is divided by 184?
7
Calculate the remainder when 2127 is divided by 680.
87
Calculate the remainder when 22994 is divided by 109.
104
Calculate the remainder when 29510 is divided by 53.
42
Calculate the remainder when 13508 is divided by 422.
4
Calculate the remainder when 4552 is divided by 14.
2
Calculate the remainder when 14551 is divided by 7164.
223
Calculate the remainder when 34487 is divided by 4869.
404
Calculate the remainder when 95748 is divided by 95735.
13
What is the remainder when 28352 is divided by 101?
72
Calculate the remainder when 2578 is divided by 601.
174
What is the remainder when 3059034 is divided by 497?
496
What is the remainder when 87327 is divided by 47?
1
Calculate the remainder when 390 is divided by 157.
76
Calculate the remainder when 899 is divided by 300.
299
Calculate the remainder when 1835 is divided by 689.
457
What is the remainder when 1451 is divided by 348?
59
What is the remainder when 26512 is divided by 666?
538
Calculate the remainder when 43735 is divided by 11.
10
What is the remainder when 14703 is divided by 543?
42
Calculate the remainder when 99411 is divided by 126.
123
What is the remainder when 304583 is divided by 21?
20
Calculate the remainder when 87322 is divided by 29062.
136
What is the remainder when 17631 is divided by 271?
16
What is the remainder when 10560 is divided by 5261?
38
Calculate the remainder when 57549 is divided by 22.
19
Calculate the remainder when 2475191 is divided by 24.
23
Calculate the remainder when 8242 is divided by 2718.
88
What is the remainder when 9120 is divided by 3009?
93
What is the remainder when 113591 is divided by 362?
285
Calculate the remainder when 3174 is divided by 244.
2
What is the remainder when 35292 is divided by 549?
156
Calculate the remainder when 17055 is divided by 16868.
187
Calculate the remainder when 6247 is divided by 892.
3
What is the remainder when 6175 is divided by 2039?
58
What is the remainder when 55734 is divided by 18577?
3
What is the remainder when 23805 is divided by 595?
5
Calculate the remainder when 13600 is divided by 4390.
430
What is the remainder when 48794 is divided by 921?
902
Calculate the remainder when 14756 is divided by 124.
0
Calculate the remainder when 168 is divided by 149.
19
What is the remainder when 147503 is divided by 928?
879
What is the remainder when 69921 is divided by 11653?
3
What is the remainder when 5194 is divided by 402?
370
Calculate the remainder when 351787 is divided by 277.
274
What is the remainder when 3811 is divided by 212?
207
Calculate the remainder when 14576 is divided by 338.
42
What is the remainder when 24346 is divided by 57?
7
Calculate the remainder when 26704 is divided by 18.
10
Calculate the remainder when 710392 is divided by 29.
8
Calculate the remainder when 3055 is divided by 7.
3
What is the remainder when 10557 is divided by 1073?
900
What is the remainder when 17136 is divided by 1427?
12
Calculate the remainder when 4058014 is divided by 48.
46
Calculate the remainder when 161840 is divided by 6743.
8
Calculate the remainder when 3737577 is divided by 42.
39
Calculate the remainder when 47730 is divided by 13.
7
What is the remainder when 69807 is divided by 30?
27
Calculate the remainder when 15239 is divided by 126.
119
Calculate the remainder when 1882 is divided by 26.
10
Calculate the remainder when 27013 is divided by 8992.
37
What is the remainder when 20922 is divided by 6939?
105
Calculate the remainder when 82401 is divided by 841.
824
Calculate the remainder when 41973 is divided by 591.
12
What is the remainder when 3740 is divided by 81?
14
What is the remainder when 12292 is divided by 256?
4
Calculate the remainder when 17690 is divided by 1040.
10
Calculate the remainder when 195801 is divided by 16.
9
Calculate the remainder when 22434 is divided by 38.
14
Calculate the remainder when 35420 is divided by 108.
104
What is the remainder when 310236 is divided by 14?
10
Calculate the remainder when 71695 is divided by 320.
15
What is the remainder when 4307 is divided by 1036?
163
Calculate the remainder when 6311 is divided by 3154.
3
What is the remainder when 20042 is divided by 5008?
10
Calculate the remainder when 2278 is divided by 1119.
40
What is the remainder when 318 is divided by 3?
0
Calculate the remainder when 10395 is divided by 289.
280
Calculate the remainder when 119857 is divided by 150.
7
What is the remainder when 31036 is divided by 91?
5
Calculate the remainder when 30980 is divided by 129.
20
What is the remainder when 18864 is divided by 19?
16
Calculate the remainder when 44906 is divided by 135.
86
Calculate the remainder when 89355 is divided by 106.
103
Calculate the remainder when 5038 is divided by 135.
43
What is the remainder when 27872 is divided by 13891?
90
What is the remainder when 10850 is divided by 226?
2
Calculate the remainder when 466399 is divided by 210.
199
What is the remainder when 3592 is divided by 31?
27
Calculate the remainder when 729 is divided by 41.
32
What is the remainder when 14980 is divided by 125?
105
What is the remainder when 321 is divided by 19?
17
Calculate the remainder when 5826 is divided by 70.
16
What is the remainder when 7441 is divided by 4?
1
Calculate the remainder when 268122 is divided by 46.
34
What is the remainder when 4336 is divided by 434?
430
Calculate the remainder when 1187 is divided by 310.
257
What is the remainder when 4502 is divided by 322?
316
Calculate the remainder when 6348 is divided by 3126.
96
Calculate the remainder when 17115 is divided by 428.
423
Calculate the remainder when 2176 is divided by 151.
62
Calculate the remainder when 227763 is divided by 15